{"id":826,"date":"2023-02-02T10:58:41","date_gmt":"2023-02-02T09:58:41","guid":{"rendered":"https:\/\/www.hseg.fr\/?page_id=826"},"modified":"2023-02-02T11:05:54","modified_gmt":"2023-02-02T10:05:54","slug":"mentions-legales","status":"publish","type":"page","link":"https:\/\/www.hseg.fr\/index.php\/mentions-legales\/","title":{"rendered":"Mentions L\u00e9gales"},"content":{"rendered":"\n<h4 class=\"wp-block-heading\">EDITEUR DU SITE ET LIGNE \u00c9DITORIALE.<\/h4>\n\n\n\n<p>SARL Herve Salomon est propri\u00e9taire et \u00e9diteur du site www.hseg.fr<\/p>\n\n\n\n<blockquote class=\"wp-block-quote is-layout-flow wp-block-quote-is-layout-flow\">\n<p>Grande rue<br>73130 La Chambre<br>T\u00e9l. 06 68 56 18 35<br>Email : hseg@outlook.fr<\/p>\n<\/blockquote>\n\n\n\n<h4 class=\"wp-block-heading\">MISES EN GARDE<\/h4>\n\n\n\n<p>Il appartient \u00e0 l\u2019utilisateur de ce site de prendre toutes les mesures appropri\u00e9es de fa\u00e7on \u00e0 prot\u00e9ger ses propres donn\u00e9es et\/ou logiciels de la contamination par d\u2019\u00e9ventuels virus circulant sur le r\u00e9seau Internet. De mani\u00e8re g\u00e9n\u00e9rale, SARL Herve Salomon d\u00e9cline toute responsabilit\u00e9 \u00e0 un \u00e9ventuel dommage survenu pendant la consultation du pr\u00e9sent site.<br>Les liens propos\u00e9s vers d\u2019autres sites sont communiqu\u00e9s \u00e0 titre indicatif et ne sauraient engager la responsabilit\u00e9 de SARL Herve Salomon, tant en ce qui concerne les contenus que les conditions d\u2019acc\u00e8s.<\/p>\n\n\n\n<h4 class=\"wp-block-heading\">CONDITIONS D\u2019UTILISATION ET PROPRI\u00c9T\u00c9S<\/h4>\n\n\n\n<p>Toute repr\u00e9sentation totale ou partielle de ce site et de son contenu, par quelques proc\u00e9d\u00e9s que ce soient, sans autorisation pr\u00e9alable est interdite et constituerait une contrefa\u00e7on sanctionn\u00e9e par les articles L335-2 et suivants du Code de la Propri\u00e9t\u00e9 Intellectuelle. Les photos des chantiers et images d\u2019illustration de ce site sont des \u0153uvres de l\u2019esprit dont l\u2019unique propri\u00e9taire est SARL Herve Salomon Toute copie totale ou partielle de ses produits constituerait une contrefa\u00e7on sanctionn\u00e9e par la loi.<\/p>\n\n\n\n<p>Les utilisateurs du site sont tenus de respecter les dispositions de la Loi Informatique, Fichiers et Libert\u00e9s, dont la violation est passible de sanctions p\u00e9nales. Ils doivent notamment s\u2019abstenir, s\u2019agissant des informations nominatives auxquelles ils acc\u00e8dent, de toute collecte, de toute utilisation d\u00e9tourn\u00e9e, et d\u2019une mani\u00e8re g\u00e9n\u00e9rale, de tout acte susceptible de porter atteinte \u00e0 la vie priv\u00e9e ou \u00e0 la r\u00e9putation des personnes.<\/p>\n\n\n\n<h4 class=\"wp-block-heading\">TRAITEMENTS DES DONN\u00c9ES<\/h4>\n\n\n\n<p>Les informations recueillies font l\u2019objet d\u2019un traitement informatique destin\u00e9 \u00e0 la gestion commerciale de vos demandes de devis et d\u2019informations.<\/p>\n\n\n\n<p>Conform\u00e9ment \u00e0 la loi \u00ab informatique et libert\u00e9s \u00bb du 6 janvier 1978 modifi\u00e9e en 2004, vous b\u00e9n\u00e9ficiez d\u2019un droit d\u2019acc\u00e8s et de rectification aux informations qui vous concernent, que vous pouvez exercer en vous adressant par mail \u00e0 hseg@outlook.fr<\/p>\n\n\n\n<p>Vous pouvez \u00e9galement, pour des motifs l\u00e9gitimes, vous opposer au traitement des donn\u00e9es vous concernant.<\/p>\n\n\n\n<h4 class=\"wp-block-heading\">H\u00c9BERGEUR<\/h4>\n\n\n\n<p>Le site de SARL Herve Salomon, hseg.fr est h\u00e9berg\u00e9 par ovh.<\/p>\n","protected":false},"excerpt":{"rendered":"<p>EDITEUR DU SITE ET LIGNE \u00c9DITORIALE. SARL Herve Salomon est propri\u00e9taire et \u00e9diteur du site www.hseg.fr Grande rue73130 La ChambreT\u00e9l. 06 68 56 18 35Email : hseg@outlook.fr MISES EN GARDE Il appartient \u00e0 l\u2019utilisateur de ce site de prendre toutes les mesures appropri\u00e9es de fa\u00e7on \u00e0 prot\u00e9ger ses propres donn\u00e9es et\/ou logiciels de la contamination [&hellip;]<\/p>\n","protected":false},"author":1,"featured_media":0,"parent":0,"menu_order":0,"comment_status":"closed","ping_status":"closed","template":"","meta":{"footnotes":""},"class_list":["post-826","page","type-page","status-publish","hentry"],"yoast_head":"<!-- This site is optimized with the Yoast SEO plugin v20.0 - https:\/\/yoast.com\/wordpress\/plugins\/seo\/ -->\n<title>Mentions L\u00e9gales - Herv\u00e9 Salomon Electricit\u00e9 G\u00e9n\u00e9rale<\/title>\n<meta name=\"description\" content=\"Conform\u00e9ment \u00e0 la loi \u00ab informatique et libert\u00e9s \u00bb du 6 janvier 1978 modifi\u00e9e en 2004, vous b\u00e9n\u00e9ficiez d\u2019un droit d\u2019acc\u00e8s et de rectification aux informations qui vous concernent, que vous pouvez exercer en vous adressant par mail \u00e0 hseg@outlook.fr\" \/>\n<meta name=\"robots\" content=\"index, follow, max-snippet:-1, max-image-preview:large, max-video-preview:-1\" \/>\n<link rel=\"canonical\" href=\"https:\/\/www.hseg.fr\/index.php\/mentions-legales\/\" \/>\n<meta property=\"og:locale\" content=\"fr_FR\" \/>\n<meta property=\"og:type\" content=\"article\" \/>\n<meta property=\"og:title\" content=\"Mentions L\u00e9gales - Herv\u00e9 Salomon Electricit\u00e9 G\u00e9n\u00e9rale\" \/>\n<meta property=\"og:description\" content=\"Conform\u00e9ment \u00e0 la loi \u00ab informatique et libert\u00e9s \u00bb du 6 janvier 1978 modifi\u00e9e en 2004, vous b\u00e9n\u00e9ficiez d\u2019un droit d\u2019acc\u00e8s et de rectification aux informations qui vous concernent, que vous pouvez exercer en vous adressant par mail \u00e0 hseg@outlook.fr\" \/>\n<meta property=\"og:url\" content=\"https:\/\/www.hseg.fr\/index.php\/mentions-legales\/\" \/>\n<meta property=\"og:site_name\" content=\"Herv\u00e9 Salomon Electricit\u00e9 G\u00e9n\u00e9rale\" \/>\n<meta property=\"article:publisher\" content=\"https:\/\/www.facebook.com\/herve.salomon.7\" \/>\n<meta property=\"article:modified_time\" content=\"2023-02-02T10:05:54+00:00\" \/>\n<meta name=\"twitter:card\" content=\"summary_large_image\" \/>\n<meta name=\"twitter:label1\" content=\"Dur\u00e9e de lecture estim\u00e9e\" \/>\n\t<meta name=\"twitter:data1\" content=\"2 minutes\" \/>\n<script type=\"application\/ld+json\" class=\"yoast-schema-graph\">{\"@context\":\"https:\/\/schema.org\",\"@graph\":[{\"@type\":\"WebPage\",\"@id\":\"https:\/\/www.hseg.fr\/index.php\/mentions-legales\/\",\"url\":\"https:\/\/www.hseg.fr\/index.php\/mentions-legales\/\",\"name\":\"Mentions L\u00e9gales - Herv\u00e9 Salomon Electricit\u00e9 G\u00e9n\u00e9rale\",\"isPartOf\":{\"@id\":\"https:\/\/www.hseg.fr\/#website\"},\"datePublished\":\"2023-02-02T09:58:41+00:00\",\"dateModified\":\"2023-02-02T10:05:54+00:00\",\"description\":\"Conform\u00e9ment \u00e0 la loi \u00ab informatique et libert\u00e9s \u00bb du 6 janvier 1978 modifi\u00e9e en 2004, vous b\u00e9n\u00e9ficiez d\u2019un droit d\u2019acc\u00e8s et de rectification aux informations qui vous concernent, que vous pouvez exercer en vous adressant par mail \u00e0 hseg@outlook.fr\",\"breadcrumb\":{\"@id\":\"https:\/\/www.hseg.fr\/index.php\/mentions-legales\/#breadcrumb\"},\"inLanguage\":\"fr-FR\",\"potentialAction\":[{\"@type\":\"ReadAction\",\"target\":[\"https:\/\/www.hseg.fr\/index.php\/mentions-legales\/\"]}]},{\"@type\":\"BreadcrumbList\",\"@id\":\"https:\/\/www.hseg.fr\/index.php\/mentions-legales\/#breadcrumb\",\"itemListElement\":[{\"@type\":\"ListItem\",\"position\":1,\"name\":\"Accueil\",\"item\":\"https:\/\/www.hseg.fr\/\"},{\"@type\":\"ListItem\",\"position\":2,\"name\":\"Mentions L\u00e9gales\"}]},{\"@type\":\"WebSite\",\"@id\":\"https:\/\/www.hseg.fr\/#website\",\"url\":\"https:\/\/www.hseg.fr\/\",\"name\":\"Herv\u00e9 Salomon Electricit\u00e9 G\u00e9n\u00e9rale\",\"description\":\"Artisan electricit\u00e9 g\u00e9n\u00e9rale en savoie\",\"publisher\":{\"@id\":\"https:\/\/www.hseg.fr\/#organization\"},\"potentialAction\":[{\"@type\":\"SearchAction\",\"target\":{\"@type\":\"EntryPoint\",\"urlTemplate\":\"https:\/\/www.hseg.fr\/?s={search_term_string}\"},\"query-input\":\"required name=search_term_string\"}],\"inLanguage\":\"fr-FR\"},{\"@type\":\"Organization\",\"@id\":\"https:\/\/www.hseg.fr\/#organization\",\"name\":\"SARL Herve salomon\",\"url\":\"https:\/\/www.hseg.fr\/\",\"logo\":{\"@type\":\"ImageObject\",\"inLanguage\":\"fr-FR\",\"@id\":\"https:\/\/www.hseg.fr\/#\/schema\/logo\/image\/\",\"url\":\"http:\/\/www.hseg.fr\/wp-content\/uploads\/2022\/07\/telecharger.png\",\"contentUrl\":\"http:\/\/www.hseg.fr\/wp-content\/uploads\/2022\/07\/telecharger.png\",\"width\":424,\"height\":424,\"caption\":\"SARL Herve salomon\"},\"image\":{\"@id\":\"https:\/\/www.hseg.fr\/#\/schema\/logo\/image\/\"},\"sameAs\":[\"https:\/\/www.facebook.com\/herve.salomon.7\"]}]}<\/script>\n<!-- \/ Yoast SEO plugin. -->","yoast_head_json":{"title":"Mentions L\u00e9gales - Herv\u00e9 Salomon Electricit\u00e9 G\u00e9n\u00e9rale","description":"Conform\u00e9ment \u00e0 la loi \u00ab informatique et libert\u00e9s \u00bb du 6 janvier 1978 modifi\u00e9e en 2004, vous b\u00e9n\u00e9ficiez d\u2019un droit d\u2019acc\u00e8s et de rectification aux informations qui vous concernent, que vous pouvez exercer en vous adressant par mail \u00e0 hseg@outlook.fr","robots":{"index":"index","follow":"follow","max-snippet":"max-snippet:-1","max-image-preview":"max-image-preview:large","max-video-preview":"max-video-preview:-1"},"canonical":"https:\/\/www.hseg.fr\/index.php\/mentions-legales\/","og_locale":"fr_FR","og_type":"article","og_title":"Mentions L\u00e9gales - Herv\u00e9 Salomon Electricit\u00e9 G\u00e9n\u00e9rale","og_description":"Conform\u00e9ment \u00e0 la loi \u00ab informatique et libert\u00e9s \u00bb du 6 janvier 1978 modifi\u00e9e en 2004, vous b\u00e9n\u00e9ficiez d\u2019un droit d\u2019acc\u00e8s et de rectification aux informations qui vous concernent, que vous pouvez exercer en vous adressant par mail \u00e0 hseg@outlook.fr","og_url":"https:\/\/www.hseg.fr\/index.php\/mentions-legales\/","og_site_name":"Herv\u00e9 Salomon Electricit\u00e9 G\u00e9n\u00e9rale","article_publisher":"https:\/\/www.facebook.com\/herve.salomon.7","article_modified_time":"2023-02-02T10:05:54+00:00","twitter_card":"summary_large_image","twitter_misc":{"Dur\u00e9e de lecture estim\u00e9e":"2 minutes"},"schema":{"@context":"https:\/\/schema.org","@graph":[{"@type":"WebPage","@id":"https:\/\/www.hseg.fr\/index.php\/mentions-legales\/","url":"https:\/\/www.hseg.fr\/index.php\/mentions-legales\/","name":"Mentions L\u00e9gales - Herv\u00e9 Salomon Electricit\u00e9 G\u00e9n\u00e9rale","isPartOf":{"@id":"https:\/\/www.hseg.fr\/#website"},"datePublished":"2023-02-02T09:58:41+00:00","dateModified":"2023-02-02T10:05:54+00:00","description":"Conform\u00e9ment \u00e0 la loi \u00ab informatique et libert\u00e9s \u00bb du 6 janvier 1978 modifi\u00e9e en 2004, vous b\u00e9n\u00e9ficiez d\u2019un droit d\u2019acc\u00e8s et de rectification aux informations qui vous concernent, que vous pouvez exercer en vous adressant par mail \u00e0 hseg@outlook.fr","breadcrumb":{"@id":"https:\/\/www.hseg.fr\/index.php\/mentions-legales\/#breadcrumb"},"inLanguage":"fr-FR","potentialAction":[{"@type":"ReadAction","target":["https:\/\/www.hseg.fr\/index.php\/mentions-legales\/"]}]},{"@type":"BreadcrumbList","@id":"https:\/\/www.hseg.fr\/index.php\/mentions-legales\/#breadcrumb","itemListElement":[{"@type":"ListItem","position":1,"name":"Accueil","item":"https:\/\/www.hseg.fr\/"},{"@type":"ListItem","position":2,"name":"Mentions L\u00e9gales"}]},{"@type":"WebSite","@id":"https:\/\/www.hseg.fr\/#website","url":"https:\/\/www.hseg.fr\/","name":"Herv\u00e9 Salomon Electricit\u00e9 G\u00e9n\u00e9rale","description":"Artisan electricit\u00e9 g\u00e9n\u00e9rale en savoie","publisher":{"@id":"https:\/\/www.hseg.fr\/#organization"},"potentialAction":[{"@type":"SearchAction","target":{"@type":"EntryPoint","urlTemplate":"https:\/\/www.hseg.fr\/?s={search_term_string}"},"query-input":"required name=search_term_string"}],"inLanguage":"fr-FR"},{"@type":"Organization","@id":"https:\/\/www.hseg.fr\/#organization","name":"SARL Herve salomon","url":"https:\/\/www.hseg.fr\/","logo":{"@type":"ImageObject","inLanguage":"fr-FR","@id":"https:\/\/www.hseg.fr\/#\/schema\/logo\/image\/","url":"http:\/\/www.hseg.fr\/wp-content\/uploads\/2022\/07\/telecharger.png","contentUrl":"http:\/\/www.hseg.fr\/wp-content\/uploads\/2022\/07\/telecharger.png","width":424,"height":424,"caption":"SARL Herve salomon"},"image":{"@id":"https:\/\/www.hseg.fr\/#\/schema\/logo\/image\/"},"sameAs":["https:\/\/www.facebook.com\/herve.salomon.7"]}]}},"_links":{"self":[{"href":"https:\/\/www.hseg.fr\/index.php\/wp-json\/wp\/v2\/pages\/826","targetHints":{"allow":["GET"]}}],"collection":[{"href":"https:\/\/www.hseg.fr\/index.php\/wp-json\/wp\/v2\/pages"}],"about":[{"href":"https:\/\/www.hseg.fr\/index.php\/wp-json\/wp\/v2\/types\/page"}],"author":[{"embeddable":true,"href":"https:\/\/www.hseg.fr\/index.php\/wp-json\/wp\/v2\/users\/1"}],"replies":[{"embeddable":true,"href":"https:\/\/www.hseg.fr\/index.php\/wp-json\/wp\/v2\/comments?post=826"}],"version-history":[{"count":1,"href":"https:\/\/www.hseg.fr\/index.php\/wp-json\/wp\/v2\/pages\/826\/revisions"}],"predecessor-version":[{"id":827,"href":"https:\/\/www.hseg.fr\/index.php\/wp-json\/wp\/v2\/pages\/826\/revisions\/827"}],"wp:attachment":[{"href":"https:\/\/www.hseg.fr\/index.php\/wp-json\/wp\/v2\/media?parent=826"}],"curies":[{"name":"wp","href":"https:\/\/api.w.org\/{rel}","templated":true}]}}